w + 3. Suppose 5*i - 11 = -4*r + 1, -4*r + 12 = -i. Let f(c) = 2 - r + 2*c + 1. Let m be f(1). Calculate b(m).
-1
Let i(f) = 3*f**2 - 9*f - 12. Let r(n) = -5*n**2 + 13*n + 18. Let m(p) = 8*i(p) + 5*r(p). Let v = -1 + -3. Calculate m(v).
6
Let a(r) = 3*r - 5*r + 3*r. Suppose -5*w + 3*w - 16 = -4*m, -5*w + 5*m - 15 = 0. Determine a(w).
2
Let b = 3 - 0. Let y(x) = -1 + b + 0 - x. Suppose -5*u + 3*u = 6. What is y(u)?
5
Let v(b) be the first derivative of -b**3/3 + 2*b**2 + b + 2. Suppose 0*n = -2*k - 2*n + 20, 0 = 5*k + 3*n - 40. Determine v(k).
-4
Let h be (0 - 2/10) + 2/10. Let k(g) be the third derivative of 0*g - 1/3*g**3 + g**2 + h + 1/60*g**5 - 1/8*g**4. Calculate k(3).
-2
Suppose 6*n - 4*n - 4 = 0. Let z(s) = -4*s - 2*s**2 - s + 3 - s + 3*s**n. Let q be -1 - -1 - (-4 - 1). Give z(q).
-2
Let g(y) = -y**2 + y - 2. Let z(p) = 4*p + 1. Let n(r) = g(r) - z(r). What is n(-4)?
-7
Let m(f) be the third derivative of f**6/120 + 2*f**5/15 - f**4/24 + 5*f**3/6 + 27*f**2. Determine m(-8).
13
Let q = -65 + 69. Let y(h) be the first derivative of -q*h + 3/2*h**2 + 1/3*h**3 + 1. Give y(-5).
6
Let f(k) = k**3 - k. Let u(n) = -3*n**3 - n**2 + 4*n + 7. Let q(b) = 4*f(b) + u(b). Calculate q(0).
7
Let v be (-6)/(-4)*32/(-12). Let q(r) be the third derivative of -r**6/120 - r**5/15 - r**3/3 - 6*r**2 + 6*r. Determine q(v).
-2
Let x(m) = -m. Let y(n) = 6*n + 1. Let k(t) = -5*x(t) - y(t). Suppose 4*l - 2*j = 16, 4*l + 4*j - 8 = 2*l. Determine k(l).
-5
Let o be 1 + 0 + -2 - 3. Let y = -1 - o. Let q(g) be the first derivative of g**4/4 - 4*g**3/3 + g**2/2 + 3*g + 1. Give q(y).
-3
Let q(i) = -i**3 + 5*i**2 + i - 1. Let t be 4/6 - (-13)/3. Let s be q(t). Let d(k) be the second derivative of -k**4/12 + k**3 - k**2 + 10*k. Calculate d(s).
6
Let a(k) be the first derivative of -k**3/3 - 3*k**2 - 6*k + 3. Give a(-6).
-6
Let n(s) = s**2 + 1. Suppose -k + 10 = -t, -5*k + 2 = -0*t + 3*t. Let y = -6 - t. Determine n(y).
1
Let p(f) = -f**3 - 5*f**2 - 4*f - 2. Let i be p(-4). Let b be 1 - (i*1)/1. Let l(q) = -4*q**3 + 3*q**b - 6 + 3. Calculate l(0).
-3
Let t(l) = 4*l**2 - l**3 - 7 + 0*l**2 + 2*l**2. Give t(6).
-7
Let a(s) = -s. Let k(d) be the first derivative of d**2 + 2. Let p(r) = -10*a(r) - 6*k(r). What is p(5)?
-10
Let y(x) = -x**3 - x + 1. Let w(p) = 3*p**3 - 2*p**2 - 6. Let o(l) = -w(l) - 2*y(l). Determine o(3).
1
Let m(j) = -j**2 + 7*j - 6. Let q be 2 - 2 - (-4 - 1). Give m(q).
4
Let t(f) = f**3 - f**2 - 5*f + 2. Let y be (6/1)/((-12)/(-8)). Suppose 11 = c - 4*s, 2*c + 3*s + 12 = y*c. Let p be (1 + -4)/(c/(-3)). Determine t(p).
5
Suppose 5*g + 12 = 42. Let m(d) = -3*d + 4. Determine m(g).
-14
Let o(s) = -7*s - 1. Let r(m) = m - 6. Let l be r(4). Give o(l).
13
Let a(d) be the second derivative of 0 + 1/12*d**4 - 1/2*d**2 + 0*d**3 - 3*d. Determine a(1).
0
Let q(y) = y**3 + 4*y**2 - 3*y + 12. Let w be q(-5). Let c(o) = -o + 2 - 6 + 2 + o**w. Give c(-3).
10
Let b(x) = -x - 1. Let n(y) = -2*y. Let d(q) = 2*b(q) + n(q). Let r(c) = -c**2 - c + 12. Let i be r(0). Let o = i + -10. Determine d(o).
-10
Let x(y) = -8*y**3 + y**2 + y. Suppose -2 = o - 8. Let w = 5 - o. Let v be w/1*(6 - 5). What is x(v)?
8
Let j(s) = s**3 + 4*s**2 - 4*s + 1. Suppose 15 + 15 = -3*a. Let z be (2 + a/4)*10. Calculate j(z).
-4
Let z(w) = -2*w**2 + 3*w + 2. Suppose 3*a + 5*c = 14 - 0, -4*a + 5*c + 7 = 0. Let u be a/15 + 14/5. Give z(u).
-7
Let r = -8 - -11. Let k(g) be the third derivative of -g**6/120 + g**5/20 + g**4/8 + 2*g**2. Determine k(r).
9
Let b(r) = -16*r - 2. Let o(p) = 8*p + 1. Let j(t) = 4*b(t) + 7*o(t). What is j(1)?
-9
Let s(b) = 4*b + 3. Let f be s(3). Let l be (-2)/((-48)/f + 3). Let u = 4 - l. Let n(x) = x. Calculate n(u).
-6
Let g(x) = x**3 + 8*x**2 + 5*x - 8. Let z be g(-7). Suppose -3*m + r = -z, 0 = -3*r - 0*r. Let i(t) = 2*t**2 + 2*t - t**m + t**2. What is i(-2)?
4
Suppose 0*v + 36 = 6*v. Let w(o) = -o**2 + 4*o - 2. Determine w(v).
-14
Let x(s) = -34*s + 13*s - 3*s**2 + 2 + 19*s. Determine x(2).
-14
Suppose 3*v = 4*v - 2*t + 3, 0 = v + 3*t + 3. Let u = v + 3. Suppose h - 5*h - 4 = u. Let r(q) = -6*q**2 + 2*q + 1. Determine r(h).
-7
Let f(c) = c**3 - c**2 - 1. Suppose 0*s + 18 = 3*n + 3*s, -2*s + 10 = 0. Let z = n - -2. Suppose 4*x - 5 - z = 0. What is f(x)?
3
Let y(w) = -w**3 + 9*w**2 + w + 6. Let d = 5 - 8. Let u(s) = -s**2 - s + 1. Let f(b) = d*u(b) - y(b). Give f(6).
3
Suppose -o = -5*d - 19, 0 = 3*d - 2*o + 3 + 14. Let m(v) = -2*v. What is m(d)?
6
Let m(u) = u - 10. Suppose 3*x - 7 = -2*d, -5*d - 2*x = -x - 24. Suppose 0 = -d*z - 5 + 30. What is m(z)?
-5
Let j(q) = 2*q**3 + 4*q**2 + q - 4. Let n(z) = -z**3 - z + 1. Let a(k) = -j(k) - n(k). Calculate a(-4).
3
Suppose 0*o - 10 = 2*o, 3*g + 4*o + 23 = 0. Let r(x) = -x**2. Let n(v) = -v + 1. Let l(p) = g*n(p) - r(p). What is l(1)?
1
Let h(t) = 2*t - 3*t + 4 - 6 + 3. Let m be -2 - 0/(2/(-1)). Calculate h(m).
3
Let o be (-8)/(-14)*(-21)/(-6). Suppose o*h + 2*h = 12. Suppose -h*c - 1 = 2*p, -6*c + 2*c = -4*p - 12. Let d(x) = x**3 + 2*x**2 + x. What is d(p)?
-2
Suppose 6 - 2 = 4*l. Let k = l + 2. Let r(y) = -y**3 + 3*y**2 + y + 3. Give r(k).
6
Let c(z) = 3*z - 2*z + 2*z + z + 3. Give c(-2).
-5
Let t(o) = -2*o - 10. Let y(k) = -5*k - 20. Let v(s) = -7*t(s) + 3*y(s). What is v(10)?
0
Let i(o) be the third derivative of -o**4/24 - o**3 - 15*o**2. What is i(-6)?
0
Let h = -1 + 1. Suppose h = 5*z - 2*z - 12. Let v(d) = 3*d - 4. Calculate v(z).
8
Let c(l) = l**3 + l - 1. Let s(m) = 10*m**3 + 7*m - 6. Suppose 1 = -3*a - 29. Let h = a + 9. Let p(n) = h*s(n) + 6*c(n). Calculate p(-1).
5
Let m(j) = -j - 12. Let y(i) = -i**3 + 5*i**2 - 5*i + 4. Let u be y(4). What is m(u)?
-12
Let b(f) = 14*f**3 - 3*f + 3. Let s(q) = 57*q**3 - 13*q + 13. Let n(a) = 9*b(a) - 2*s(a). Determine n(1).
12
Let c be 1*(-2)/((-2)/(-1)). Let m(k) be the third derivative of -7*k**5/60 - k**3/6 + 9*k**2. Give m(c).
-8
Let z(n) = -n**2 - 5*n + 1. Suppose -o - 23 = 4*k - 3, -2*k - 4*o = 10. What is z(k)?
1
Let p(k) = -k**2 + 14*k - 11. Let t(y) = -2*y**2 + 14*y + 1. Let f be t(6). Let b be p(f). Let q(l) = l + 2. What is q(b)?
4
Let b(m) = 5*m - m**2 - 21 + 33 - 14. Suppose -34 = -2*q - 2*i, -q + 2*q - i - 7 = 0. Suppose -3*n = n - q. What is b(n)?
4
Let m(s) = 2*s - 1. Suppose 4*h - 30 = 4*d - 9*d, 20 = d - 2*h. Suppose 0 = 4*u - 2*u + d. Let c = -8 - u. Determine m(c).
-7
Let r(k) = -5*k - 1 + k + 0. Let i = -4 - -1. What is r(i)?
11
Let d(p) = p**2 + 6*p - 3. Let a(s) = -8*s**2 + 2*s - 1. Let z be a(1). Determine d(z).
4
Let l(t) = -12*t - 3. Let r(y) = 3*y + 1. Let z(q) = -2*l(q) - 9*r(q). Determine z(-4).
9
Suppose 3*o - 5*a = -11, 0*o - 9 = o + a. Let c(n) = -n - 6. Give c(o).
1
Let w be (-1 + 16)/1*26/(-65). Let c(s) = 3*s - 3 + 2 - 2*s. Calculate c(w).
-7
Let i be (4/6)/((-1)/(-3)). Let b(s) be the third derivative of s**5/30 + s**4/24 - s**3/3 - 69*s**2. Determine b(i).
8
Let c(r) = 4*r - 4*r + 5*r - 4*r - 5. Give c(4).
-1
Let a(n) = 5*n + 1. Let s(j) = -4*j - 2. Let l(u) = -2*a(u) - 3*s(u). Give l(-4).
-4
Let r(q) = 8*q - 1. Let h be r(1). Let s(u) = -7*u**2 + 1 + u**2 - u**2 - 2*u**3 - u + 3*u**3. What is s(h)?
-6
Let b = -4 + 6. Suppose f - 3 = -b*f. Let d(s) = s**2 - 1. Calculate d(f).
0
Suppose -4*d - 4*x - 22 = -70, -5*d = 4*x - 58. Let q = 13 - d. Let i(u) = -2*u + 0*u - 2*u + 2*u + q. Determine i(-4).
11
Let n(c) = -2*c**2 + 2*c - 5*c - c**2 + 4*c**2. What is n(5)?
10
Let m = 8 - 4. Let s = m - 3. Let i(j) = 11*j. Let t(k) = 5*k. Let w(l) = -6*i(l) + 13*t(l). Determine w(s).
-1
Let l(y) be the first derivative of 3*y**2/2 + y - 20. Calculate l(2).
7
Let o(g) be the third derivative of -g**5/60 - g**4/12 + g**3/3 + g**2 + 2*g. What is o(-3)?
-1
Let q = 112 - 109. Let j(t) = -t**2 + 4*t + 4. Determine j(q).
7
Let v(f) = -f**2 + 8*f + 3. Suppose z = -3*r + 24, 4*r + 3*z = -2*z + 21. Give v(r).
-6
Let w(b) = b + 8. Suppose -n - 3*j = 6, -3*n = 5*j - 2 + 4. Suppose n*m = m. Give w(m).
8
Let n(a) = -a. Let k(r) = -r**3 - 7*r**2 - 6*r + 4. Let q(g) = -k(g) + 6*n(g). Determine q(-7).
-4
Suppose 4*f = -3*k + 33, 0 = 4*f + 2*k - k - 27. Let y(o) = o**2 - 4*o. Calculate y(f).
12
Suppose -2*q - 2*q + 3*f + 25 = 0, 0 = q + 4*f - 11. Let j(z) = -4*z - z + 4*z + z**3 + q. Let s = -3 - -3. What is j(s)?
7
Let o(b) = -b**3 + b**2 - b - 6. Suppose d - 10 = 2*i, -5*d + 2*